{"id":121,"date":"2024-04-24T11:39:29","date_gmt":"2024-04-24T09:39:29","guid":{"rendered":"https:\/\/animamundiasturias.org\/?page_id=121"},"modified":"2024-06-11T07:50:34","modified_gmt":"2024-06-11T05:50:34","slug":"quienes-somos","status":"publish","type":"page","link":"https:\/\/animamundiasturias.org\/?page_id=121","title":{"rendered":"Quienes somos?"},"content":{"rendered":"\t\t<div data-elementor-type=\"wp-page\" data-elementor-id=\"121\" class=\"elementor elementor-121\">\n\t\t\t\t<div class=\"elementor-element elementor-element-3056a2d1 e-con-full e-flex e-con e-parent\" data-id=\"3056a2d1\" data-element_type=\"container\">\n\t\t\t\t<div class=\"elementor-element elementor-element-2fe4dab2 elementor-widget elementor-widget-heading\" data-id=\"2fe4dab2\" data-element_type=\"widget\" data-widget_type=\"heading.default\">\n\t\t\t\t<div class=\"elementor-widget-container\">\n\t\t\t\t\t<h1 class=\"elementor-heading-title elementor-size-default\">Quienes Somos?<\/h1>\t\t\t\t<\/div>\n\t\t\t\t<\/div>\n\t\t\t\t<div class=\"elementor-element elementor-element-f0abfd4 elementor-widget elementor-widget-spacer\" data-id=\"f0abfd4\" data-element_type=\"widget\" data-widget_type=\"spacer.default\">\n\t\t\t\t<div class=\"elementor-widget-container\">\n\t\t\t\t\t\t\t<div class=\"elementor-spacer\">\n\t\t\t<div class=\"elementor-spacer-inner\"><\/div>\n\t\t<\/div>\n\t\t\t\t\t\t<\/div>\n\t\t\t\t<\/div>\n\t\t<div class=\"elementor-element elementor-element-5f55e58f e-con-full e-flex e-con e-child\" data-id=\"5f55e58f\" data-element_type=\"container\">\n\t\t\t\t<div class=\"elementor-element elementor-element-5683e3b elementor-widget-tablet__width-initial elementor-widget-mobile__width-inherit elementor-widget__width-initial elementor-position-top elementor-widget elementor-widget-image-box\" data-id=\"5683e3b\" data-element_type=\"widget\" data-widget_type=\"image-box.default\">\n\t\t\t\t<div class=\"elementor-widget-container\">\n\t\t\t\t\t<div class=\"elementor-image-box-wrapper\"><figure class=\"elementor-image-box-img\"><img decoding=\"async\" src=\"https:\/\/animamundiasturias.org\/wp-content\/uploads\/elementor\/thumbs\/Screenshot-2024-05-09-at-17.04.31-qnwuw4p51b4jkc7mjwjvrqod125c0lfpyl29jz7mwo.png\" title=\"Screenshot 2024-05-09 at 17.04.31\" alt=\"Screenshot 2024-05-09 at 17.04.31\" class=\"elementor-animation-sink\" loading=\"lazy\" \/><\/figure><div class=\"elementor-image-box-content\"><h3 class=\"elementor-image-box-title\">Rens Willet<\/h3><p class=\"elementor-image-box-description\">Fundador y presidente <br><span style=\"font-size: 10.000000pt;font-family: 'TriniteNo2'\">Disen\u0303ador, carpintero e ingeniero<\/span><div title=\"Page 12\"><div><div><br><\/div><div><span style=\"font-size: 10.000000pt;font-family: 'TriniteNo2'\">Despue\u0301s de dejar de navegar por la equivocacio\u0301n de estudio (con 27 an\u0303os) me dedique\u0301 exclusivamente al arte. El estudio <\/span><span style=\"font-size: 10.000000pt;font-family: 'TriniteNo2'\">me ha dado una base firme en meca\u0301nica y trabajo con acero.<\/span><\/div><\/div><\/div><div title=\"Page 12\"><div><div><p><span style=\"font-size: 10.000000pt;font-family: 'TriniteNo2'\">Hoy di\u0301a trabajo con todo tipo de materiales y conozco todas las disciplinas del arte. Aunque nunca he hecho <\/span><span style=\"font-size: 10.000000pt;font-family: 'TriniteNo2'\">una exposicio\u0301n pu\u0301blica, mi vida desde los 27 an\u0303os ha sido exclusivamente sostenida a base de obras arti\u0301sticas y disen\u0303o.<\/span><\/p><p><span style=\"font-size: 10.000000pt;font-family: 'TriniteNo2'\">El nacimiento de mi primera hija con diversidad funcional en 1991 ha sido, durante mucho an\u0303os, el motor de disen\u0303ar para ella y con ella. En el festival estare\u0301 implicado como iniciador y productor. Los escenarios, los vestidos de pasacalles, la <\/span><span style=\"font-size: 10.000000pt;font-family: 'TriniteNo2'\">iluminacio\u0301n, ban\u0303os, rampas, decoracio\u0301n y sonido. Tengo un <\/span><span style=\"font-size: 10.000000pt;font-family: 'TriniteNo2'\">gran taller donde se preparara\u0301 toda la infraestrucutra con materiales de reciclaje para la realizacio\u0301n del festival. Y contamos con el apoyo activo de centros de diversidad funcional, los cuales an\u0303adira\u0301n sus elementos.<\/span><\/p><\/div><\/div><\/div><\/p><\/div><\/div>\t\t\t\t<\/div>\n\t\t\t\t<\/div>\n\t\t\t\t<div class=\"elementor-element elementor-element-4edf7c99 elementor-widget-tablet__width-initial elementor-widget-mobile__width-inherit elementor-widget__width-initial elementor-position-top elementor-widget elementor-widget-image-box\" data-id=\"4edf7c99\" data-element_type=\"widget\" data-widget_type=\"image-box.default\">\n\t\t\t\t<div class=\"elementor-widget-container\">\n\t\t\t\t\t<div class=\"elementor-image-box-wrapper\"><figure class=\"elementor-image-box-img\"><img decoding=\"async\" src=\"https:\/\/animamundiasturias.org\/wp-content\/uploads\/elementor\/thumbs\/Screenshot-2024-05-09-at-17.05.22-qnwuwe3ixnhesftz10m5goayywv05kh1bvl4cqtp6g.png\" title=\"Screenshot 2024-05-09 at 17.05.22\" alt=\"Screenshot 2024-05-09 at 17.05.22\" class=\"elementor-animation-sink\" loading=\"lazy\" \/><\/figure><div class=\"elementor-image-box-content\"><h3 class=\"elementor-image-box-title\">Anacelia Alvarez<\/h3><p class=\"elementor-image-box-description\">Secretaria<br><div title=\"Page 12\"><div><div><p><span style=\"font-size: 10.000000pt;font-family: 'TriniteNo2'\">Actriz, directora y Pedagoga Teatral<br><br>Soy una apasionada actriz, directora y formadora con una <\/span><span style=\"font-size: 10.000000pt;font-family: 'TriniteNo2'\">so\u0301lida formacio\u0301n en arte drama\u0301tico, licenciada en Argentina y Espan\u0303a.<\/span>\t\t\t\t\t<\/p><\/div><\/div><div><p><span style=\"font-size: 10.000000pt;font-family: 'TriniteNo2'\">Actualmente, mi enfoque se centra en la direccio\u0301n teatral, donde he liderado producciones que abordan tema\u0301ticas sociales relevantes, como el fracking, la diversidad, la violencia de ge\u0301nero, las inteligencias emocionales, la pertenencia a otros colectivos, etc. y he sido galardonada por mis contribuciones al teatro infantil. Paralelamente, mi <\/span><span style=\"font-size: 10.000000pt;font-family: 'TriniteNo2'\">compromiso con la pedagogi\u0301a teatral se manifiesta en la <\/span><span style=\"font-size: 10.000000pt;font-family: 'TriniteNo2'\">imparticio\u0301n de talleres a nin\u0303os, adolescentes y adultos en diversos contextos educativos, incluyendo colegios pu\u0301blicos en Asturias con el proyecto MUS-E en colaboracio\u0301n con la Fundacio\u0301n Yehudi Menuhin Espan\u0303a desde el an\u0303o 2017. Mi <\/span><span style=\"font-size: 10.000000pt;font-family: 'TriniteNo2'\">labor se extiende a la educacio\u0301n especial, trabajando en numerosos proyectos en colegios de educacio\u0301n especial en Asturias y siendo co-fundadora de la Asociacio\u0301n Anima Mundi para la creacio\u0301n de una Residencia Arti\u0301stica pionera en Asturias para personas con diversidad funcional. <\/span><span style=\"font-size: 10.000000pt;font-family: 'TriniteNo2'\">Este enfoque inclusivo y educativo refleja mi compromiso con <\/span><span style=\"font-size: 10.000000pt;font-family: 'TriniteNo2'\">el poder transformador del teatro en todas sus formas.<\/span><\/p><\/div><\/div><br><br><\/p><\/div><\/div>\t\t\t\t<\/div>\n\t\t\t\t<\/div>\n\t\t\t\t<div class=\"elementor-element elementor-element-348a8bd8 elementor-widget-tablet__width-initial elementor-widget-mobile__width-inherit elementor-position-top elementor-widget elementor-widget-image-box\" data-id=\"348a8bd8\" data-element_type=\"widget\" data-widget_type=\"image-box.default\">\n\t\t\t\t<div class=\"elementor-widget-container\">\n\t\t\t\t\t<div class=\"elementor-image-box-wrapper\"><figure class=\"elementor-image-box-img\"><img decoding=\"async\" src=\"https:\/\/animamundiasturias.org\/wp-content\/uploads\/elementor\/thumbs\/Screenshot-2024-05-09-at-17.05.46-qnwuwvygji5ux1414qc2a1sq98ez7tfxqbzch037w8.png\" title=\"Screenshot 2024-05-09 at 17.05.46\" alt=\"Screenshot 2024-05-09 at 17.05.46\" class=\"elementor-animation-sink\" loading=\"lazy\" \/><\/figure><div class=\"elementor-image-box-content\"><h3 class=\"elementor-image-box-title\">Marta Fransisco<\/h3><p class=\"elementor-image-box-description\">Tesorera<br><span style=\"font-size: 10.000000pt;font-family: 'TriniteNo2'\">Integradora social y aprendiz de carpinteri\u0301a<\/span><br>\t<br><div title=\"Page 13\"><div><div><p><span style=\"font-size: 10.000000pt;font-family: 'TriniteNo2'\">Toda mi vida profesional ha estado siempre ligada al a\u0301mbito social. Soy monitora y directora del tiempo libre, asi\u0301 como integradora social. Empece\u0301 con 17 an\u0303os como voluntaria en un centro de ocio y tiempo libre con infancia y adolescencia, donde tuve la oportunidad de ir creciendo profesionalmente y trabajar con diversas edades y colectivos, entre otros con personas con diversidad funcional.<\/span>\t\t\t\t\t<\/p><p><span style=\"font-size: 10.000000pt;font-family: 'TriniteNo2'\">En los u\u0301ltimos dos an\u0303os me he introducido en la artesani\u0301a de la madera, convirtie\u0301ndome en una apasionada de e\u0301sta y <\/span><span style=\"font-size: 10.000000pt;font-family: 'TriniteNo2'\">viendo la infinidad de posibilidades que puede aportar este <\/span><span style=\"font-size: 10.000000pt;font-family: 'TriniteNo2'\">arte, junto con mi experiencia en el a\u0301mbito social, a un proyecto tan innovador como el de Anima Mundi.<\/span><\/p><\/div><\/div><\/div><\/p><\/div><\/div>\t\t\t\t<\/div>\n\t\t\t\t<\/div>\n\t\t\t\t<\/div>\n\t\t\t\t<\/div>\n\t\t<div class=\"elementor-element elementor-element-395c9c0a e-flex e-con-boxed e-con e-parent\" data-id=\"395c9c0a\" data-element_type=\"container\">\n\t\t\t\t\t<div class=\"e-con-inner\">\n\t\t\t\t<div class=\"elementor-element elementor-element-545e630 elementor-widget-divider--view-line elementor-widget elementor-widget-divider\" data-id=\"545e630\" data-element_type=\"widget\" data-widget_type=\"divider.default\">\n\t\t\t\t<div class=\"elementor-widget-container\">\n\t\t\t\t\t\t\t<div class=\"elementor-divider\">\n\t\t\t<span class=\"elementor-divider-separator\">\n\t\t\t\t\t\t<\/span>\n\t\t<\/div>\n\t\t\t\t\t\t<\/div>\n\t\t\t\t<\/div>\n\t\t\t\t<div class=\"elementor-element elementor-element-47b9c137 elementor-widget elementor-widget-heading\" data-id=\"47b9c137\" data-element_type=\"widget\" data-widget_type=\"heading.default\">\n\t\t\t\t<div class=\"elementor-widget-container\">\n\t\t\t\t\t<h2 class=\"elementor-heading-title elementor-size-default\">El incre\u00edble apoyo detr\u00e1s de escena...<\/h2>\t\t\t\t<\/div>\n\t\t\t\t<\/div>\n\t\t\t\t<div class=\"elementor-element elementor-element-e182028 elementor-widget elementor-widget-text-editor\" data-id=\"e182028\" data-element_type=\"widget\" data-widget_type=\"text-editor.default\">\n\t\t\t\t<div class=\"elementor-widget-container\">\n\t\t\t\t\t\t\t\t\t<p>Tambi\u00e9n estamos eternamente agradecidos por todas las personas que nos est\u00e1n apoyando o nos han apoyado de diversas formas. Les presentamos aqu\u00ed:<\/p>\t\t\t\t\t\t\t\t<\/div>\n\t\t\t\t<\/div>\n\t\t\t\t\t<\/div>\n\t\t\t\t<\/div>\n\t\t<div class=\"elementor-element elementor-element-02fdcd1 e-flex e-con-boxed e-con e-parent\" data-id=\"02fdcd1\" data-element_type=\"container\">\n\t\t\t\t\t<div class=\"e-con-inner\">\n\t\t<div class=\"elementor-element elementor-element-1d64b61 e-flex e-con-boxed e-con e-child\" data-id=\"1d64b61\" data-element_type=\"container\">\n\t\t\t\t\t<div class=\"e-con-inner\">\n\t\t<div class=\"elementor-element elementor-element-45c3c7c e-flex e-con-boxed e-con e-child\" data-id=\"45c3c7c\" data-element_type=\"container\">\n\t\t\t\t\t<div class=\"e-con-inner\">\n\t\t\t\t\t<\/div>\n\t\t\t\t<\/div>\n\t\t\t\t\t<\/div>\n\t\t\t\t<\/div>\n\t\t\t\t\t<\/div>\n\t\t\t\t<\/div>\n\t\t<div class=\"elementor-element elementor-element-69d41e7 e-grid e-con-boxed e-con e-parent\" data-id=\"69d41e7\" data-element_type=\"container\">\n\t\t\t\t\t<div class=\"e-con-inner\">\n\t\t\t\t<div class=\"elementor-element elementor-element-b195d2a elementor-widget elementor-widget-image\" data-id=\"b195d2a\" data-element_type=\"widget\" data-widget_type=\"image.default\">\n\t\t\t\t<div class=\"elementor-widget-container\">\n\t\t\t\t\t\t\t\t\t\t\t\t<figure class=\"wp-caption\">\n\t\t\t\t\t\t\t\t\t\t<img decoding=\"async\" src=\"https:\/\/animamundiasturias.org\/wp-content\/uploads\/elementor\/thumbs\/Emer-Willet_artista-plastica-y-inspiracion-para-Anima-Mundi-qo552vopw06t9de05k492d4685xlnsncunv3p0owjc.png\" title=\"Emer Willet_artista plastica y inspiracion para Anima Mundi\" alt=\"Emer Willet_artista plastica y inspiracion para Anima Mundi\" loading=\"lazy\" \/>\t\t\t\t\t\t\t\t\t\t\t<figcaption class=\"widget-image-caption wp-caption-text\">Emer Willet - artista pl\u00e1stica e inspiraci\u00f3n para Anima Mundi<\/figcaption>\n\t\t\t\t\t\t\t\t\t\t<\/figure>\n\t\t\t\t\t\t\t\t\t<\/div>\n\t\t\t\t<\/div>\n\t\t\t\t<div class=\"elementor-element elementor-element-c8b89d2 elementor-widget elementor-widget-image\" data-id=\"c8b89d2\" data-element_type=\"widget\" data-widget_type=\"image.default\">\n\t\t\t\t<div class=\"elementor-widget-container\">\n\t\t\t\t\t\t\t\t\t\t\t\t<figure class=\"wp-caption\">\n\t\t\t\t\t\t\t\t\t\t<img decoding=\"async\" src=\"https:\/\/animamundiasturias.org\/wp-content\/uploads\/elementor\/thumbs\/Paco-Serano_tecnico-informatico-qo53qcaqyzqrq9w6l2sst429wv696gycif3gjmnrug.jpeg\" title=\"Paco Serano_tecnico informatico\" alt=\"Paco Serano_tecnico informatico\" loading=\"lazy\" \/>\t\t\t\t\t\t\t\t\t\t\t<figcaption class=\"widget-image-caption wp-caption-text\">Paco Serrano - t\u00e9cnico inform\u00e1tico<\/figcaption>\n\t\t\t\t\t\t\t\t\t\t<\/figure>\n\t\t\t\t\t\t\t\t\t<\/div>\n\t\t\t\t<\/div>\n\t\t\t\t<div class=\"elementor-element elementor-element-326b468 elementor-widget elementor-widget-image\" data-id=\"326b468\" data-element_type=\"widget\" data-widget_type=\"image.default\">\n\t\t\t\t<div class=\"elementor-widget-container\">\n\t\t\t\t\t\t\t\t\t\t\t\t<figure class=\"wp-caption\">\n\t\t\t\t\t\t\t\t\t\t<img decoding=\"async\" src=\"https:\/\/animamundiasturias.org\/wp-content\/uploads\/elementor\/thumbs\/Mali-Boomkens_Anima-Mundi-1-qnwv6hv2ejbdlj5l0vurrmicv121wfl5pw212tucag.png\" title=\"Mali Boomkens_Anima Mundi\" alt=\"Mali Boomkens_Anima Mundi\" loading=\"lazy\" \/>\t\t\t\t\t\t\t\t\t\t\t<figcaption class=\"widget-image-caption wp-caption-text\">Mali Boomkens - \u00e9dicion y dise\u00f1o web<\/figcaption>\n\t\t\t\t\t\t\t\t\t\t<\/figure>\n\t\t\t\t\t\t\t\t\t<\/div>\n\t\t\t\t<\/div>\n\t\t\t\t<div class=\"elementor-element elementor-element-6119e6c elementor-widget elementor-widget-image\" data-id=\"6119e6c\" data-element_type=\"widget\" data-widget_type=\"image.default\">\n\t\t\t\t<div class=\"elementor-widget-container\">\n\t\t\t\t\t\t\t\t\t\t\t\t<figure class=\"wp-caption\">\n\t\t\t\t\t\t\t\t\t\t<img decoding=\"async\" src=\"https:\/\/animamundiasturias.org\/wp-content\/uploads\/elementor\/thumbs\/Kiki-Verroen_edicion-y-diseno-web-qo530q72qiohct3l5i7sd2r35vf6fe9nzn44r6mzeg.jpeg\" title=\"Kiki Verroen_edicion y disen\u0303o web\" alt=\"Kiki Verroen_edicion y disen\u0303o web\" loading=\"lazy\" \/>\t\t\t\t\t\t\t\t\t\t\t<figcaption class=\"widget-image-caption wp-caption-text\">Kiki Verroen - \u00e9dicion y dise\u00f1o web<\/figcaption>\n\t\t\t\t\t\t\t\t\t\t<\/figure>\n\t\t\t\t\t\t\t\t\t<\/div>\n\t\t\t\t<\/div>\n\t\t\t\t<div class=\"elementor-element elementor-element-863237c elementor-widget elementor-widget-image\" data-id=\"863237c\" data-element_type=\"widget\" data-widget_type=\"image.default\">\n\t\t\t\t<div class=\"elementor-widget-container\">\n\t\t\t\t\t\t\t\t\t\t\t\t<figure class=\"wp-caption\">\n\t\t\t\t\t\t\t\t\t\t<img decoding=\"async\" src=\"https:\/\/animamundiasturias.org\/wp-content\/uploads\/elementor\/thumbs\/Monica-Acevedo_coordinadora-crowdfunding-qo54hgx27uvot4hl6ay69rm747gmbzngkowy64fq9k.jpeg\" title=\"Monica Acevedo_coordinadora crowdfunding\" alt=\"Monica Acevedo_coordinadora crowdfunding\" loading=\"lazy\" \/>\t\t\t\t\t\t\t\t\t\t\t<figcaption class=\"widget-image-caption wp-caption-text\">Monica Acevedo - coordinadora crowdfunding<\/figcaption>\n\t\t\t\t\t\t\t\t\t\t<\/figure>\n\t\t\t\t\t\t\t\t\t<\/div>\n\t\t\t\t<\/div>\n\t\t\t\t<div class=\"elementor-element elementor-element-1d6ae6f elementor-widget elementor-widget-image\" data-id=\"1d6ae6f\" data-element_type=\"widget\" data-widget_type=\"image.default\">\n\t\t\t\t<div class=\"elementor-widget-container\">\n\t\t\t\t\t\t\t\t\t\t\t\t<figure class=\"wp-caption\">\n\t\t\t\t\t\t\t\t\t\t\t<a href=\"https:\/\/www.youtube.com\/@jorsoyblue\/featured\">\n\t\t\t\t\t\t\t<img decoding=\"async\" src=\"https:\/\/animamundiasturias.org\/wp-content\/uploads\/elementor\/thumbs\/Jorge_Jorsey-Blue_videos-qo54jrmuxa0x6t5frapcd6qre44x5cru82boeh1320.jpeg\" title=\"Jorge_Jorsey Blue_videos\" alt=\"Jorge_Jorsey Blue_videos\" loading=\"lazy\" \/>\t\t\t\t\t\t\t\t<\/a>\n\t\t\t\t\t\t\t\t\t\t\t<figcaption class=\"widget-image-caption wp-caption-text\">Jorge \"Jorsey Blue\" - videos de la presentaci\u00f3n <\/figcaption>\n\t\t\t\t\t\t\t\t\t\t<\/figure>\n\t\t\t\t\t\t\t\t\t<\/div>\n\t\t\t\t<\/div>\n\t\t\t\t<div class=\"elementor-element elementor-element-8555eab elementor-widget elementor-widget-image\" data-id=\"8555eab\" data-element_type=\"widget\" data-widget_type=\"image.default\">\n\t\t\t\t<div class=\"elementor-widget-container\">\n\t\t\t\t\t\t\t\t\t\t\t\t<figure class=\"wp-caption\">\n\t\t\t\t\t\t\t\t\t\t\t<a href=\"https:\/\/www.instagram.com\/sannebovenberg\/\">\n\t\t\t\t\t\t\t<img decoding=\"async\" src=\"https:\/\/animamundiasturias.org\/wp-content\/uploads\/elementor\/thumbs\/WhatsApp-Image-2024-05-24-at-10.35.54-PM-1-qphmkr6n84i3o5vb3kqhhg1bqm1nq6nmx9m64icjaw.jpeg\" title=\"WhatsApp Image 2024-05-24 at 10.35.54 PM (1)\" alt=\"WhatsApp Image 2024-05-24 at 10.35.54 PM (1)\" loading=\"lazy\" \/>\t\t\t\t\t\t\t\t<\/a>\n\t\t\t\t\t\t\t\t\t\t\t<figcaption class=\"widget-image-caption wp-caption-text\">Sanne Bovenberg - dise\u00f1o visual del libro<\/figcaption>\n\t\t\t\t\t\t\t\t\t\t<\/figure>\n\t\t\t\t\t\t\t\t\t<\/div>\n\t\t\t\t<\/div>\n\t\t\t\t<div class=\"elementor-element elementor-element-110eca3 elementor-widget elementor-widget-image\" data-id=\"110eca3\" data-element_type=\"widget\" data-widget_type=\"image.default\">\n\t\t\t\t<div class=\"elementor-widget-container\">\n\t\t\t\t\t\t\t\t\t\t\t\t<figure class=\"wp-caption\">\n\t\t\t\t\t\t\t\t\t\t\t<a href=\"https:\/\/www.instagram.com\/estudiograficocenvis\/\">\n\t\t\t\t\t\t\t<img decoding=\"async\" src=\"https:\/\/animamundiasturias.org\/wp-content\/uploads\/elementor\/thumbs\/Screenshot-2024-05-09-at-16.21.10-qnwt2gp0unyji8p8co6gt5x2ela82rtd2hkzw8afkw.png\" title=\"Screenshot 2024-05-09 at 16.21.10\" alt=\"Screenshot 2024-05-09 at 16.21.10\" loading=\"lazy\" \/>\t\t\t\t\t\t\t\t<\/a>\n\t\t\t\t\t\t\t\t\t\t\t<figcaption class=\"widget-image-caption wp-caption-text\">Javier Rodriguez -\"Estudio Gr\u00e1fico Cenv\u00eds\" - fotograf\u00eda<\/figcaption>\n\t\t\t\t\t\t\t\t\t\t<\/figure>\n\t\t\t\t\t\t\t\t\t<\/div>\n\t\t\t\t<\/div>\n\t\t\t\t\t<\/div>\n\t\t\t\t<\/div>\n\t\t\t\t<\/div>\n\t\t","protected":false},"excerpt":{"rendered":"<p>Quienes Somos? Rens Willet Fundador y presidente Disen\u0303ador, carpintero e ingenieroDespue\u0301s de dejar de navegar por la equivocacio\u0301n de estudio (con 27 an\u0303os) me dedique\u0301 exclusivamente al arte. El estudio me ha dado una base firme en meca\u0301nica y trabajo con acero. Hoy di\u0301a trabajo con todo tipo de materiales y conozco todas las disciplinas [&hellip;]<\/p>\n","protected":false},"author":3,"featured_media":132,"parent":0,"menu_order":0,"comment_status":"closed","ping_status":"closed","template":"elementor_header_footer","meta":{"footnotes":""},"class_list":["post-121","page","type-page","status-publish","has-post-thumbnail","hentry"],"_links":{"self":[{"href":"https:\/\/animamundiasturias.org\/index.php?rest_route=\/wp\/v2\/pages\/121","targetHints":{"allow":["GET"]}}],"collection":[{"href":"https:\/\/animamundiasturias.org\/index.php?rest_route=\/wp\/v2\/pages"}],"about":[{"href":"https:\/\/animamundiasturias.org\/index.php?rest_route=\/wp\/v2\/types\/page"}],"author":[{"embeddable":true,"href":"https:\/\/animamundiasturias.org\/index.php?rest_route=\/wp\/v2\/users\/3"}],"replies":[{"embeddable":true,"href":"https:\/\/animamundiasturias.org\/index.php?rest_route=%2Fwp%2Fv2%2Fcomments&post=121"}],"version-history":[{"count":126,"href":"https:\/\/animamundiasturias.org\/index.php?rest_route=\/wp\/v2\/pages\/121\/revisions"}],"predecessor-version":[{"id":820,"href":"https:\/\/animamundiasturias.org\/index.php?rest_route=\/wp\/v2\/pages\/121\/revisions\/820"}],"wp:featuredmedia":[{"embeddable":true,"href":"https:\/\/animamundiasturias.org\/index.php?rest_route=\/wp\/v2\/media\/132"}],"wp:attachment":[{"href":"https:\/\/animamundiasturias.org\/index.php?rest_route=%2Fwp%2Fv2%2Fmedia&parent=121"}],"curies":[{"name":"wp","href":"https:\/\/api.w.org\/{rel}","templated":true}]}}