{"id":888,"date":"2024-09-05T20:40:51","date_gmt":"2024-09-05T18:40:51","guid":{"rendered":"https:\/\/animamundiasturias.org\/?page_id=888"},"modified":"2024-10-07T12:27:34","modified_gmt":"2024-10-07T10:27:34","slug":"festival-6-septiembre","status":"publish","type":"page","link":"https:\/\/animamundiasturias.org\/?page_id=888","title":{"rendered":"Elementor #888"},"content":{"rendered":"\t\t<div data-elementor-type=\"wp-page\" data-elementor-id=\"888\" class=\"elementor elementor-888\">\n\t\t\t\t<div class=\"elementor-element elementor-element-8fdf977 e-flex e-con-boxed e-con e-parent\" data-id=\"8fdf977\" data-element_type=\"container\">\n\t\t\t\t\t<div class=\"e-con-inner\">\n\t\t\t\t<div class=\"elementor-element elementor-element-e1d7f2c elementor-widget elementor-widget-heading\" data-id=\"e1d7f2c\" data-element_type=\"widget\" data-widget_type=\"heading.default\">\n\t\t\t\t<div class=\"elementor-widget-container\">\n\t\t\t\t\t<h1 class=\"elementor-heading-title elementor-size-default\">Festival Anima Mundi<br>Celebrando la Inclusi\u00f3n en Cabranes<\/h1>\t\t\t\t<\/div>\n\t\t\t\t<\/div>\n\t\t\t\t<div class=\"elementor-element elementor-element-a6dd117 elementor-widget elementor-widget-text-editor\" data-id=\"a6dd117\" data-element_type=\"widget\" data-widget_type=\"text-editor.default\">\n\t\t\t\t<div class=\"elementor-widget-container\">\n\t\t\t\t\t\t\t\t\t<p><em>1 de Septiembre 2024, Cabranes<\/em><\/p>\t\t\t\t\t\t\t\t<\/div>\n\t\t\t\t<\/div>\n\t\t\t\t\t<\/div>\n\t\t\t\t<\/div>\n\t\t<div class=\"elementor-element elementor-element-ddd2344 e-flex e-con-boxed e-con e-parent\" data-id=\"ddd2344\" data-element_type=\"container\">\n\t\t\t\t\t<div class=\"e-con-inner\">\n\t\t<div class=\"elementor-element elementor-element-d049a52 e-grid e-con-boxed e-con e-child\" data-id=\"d049a52\" data-element_type=\"container\">\n\t\t\t\t\t<div class=\"e-con-inner\">\n\t\t\t\t<div class=\"elementor-element elementor-element-efcd9f3 elementor-widget elementor-widget-text-editor\" data-id=\"efcd9f3\" data-element_type=\"widget\" data-widget_type=\"text-editor.default\">\n\t\t\t\t<div class=\"elementor-widget-container\">\n\t\t\t\t\t\t\t\t\t<p>El pr\u00f3ximo 6 de septiembre, la Plaza del Emigrante de Cabranes se convertir\u00e1 en el escenario de la inclusi\u00f3n y la diversidad con la celebraci\u00f3n del Festival Anima Mundi. A partir de las 18:00 horas, este evento \u00fanico abrir\u00e1 sus puertas de manera gratuita a toda la comunidad, invitando a las familias a disfrutar de una tarde llena de espect\u00e1culos.<br \/>El Festival Anima Mundi se ha dise\u00f1ado como un espacio de encuentro que promueve la inclusi\u00f3n social a trav\u00e9s de diversas expresiones art\u00edsticas. Los asistentes podr\u00e1n disfrutar de espect\u00e1culos que incluyen m\u00fasica, danza y teatro, todos ellos realizados por artistas locales que celebran y representan la diversidad cultural.<br \/>Adem\u00e1s, habr\u00e1 una amplia oferta gastron\u00f3mica con comida y bebida tambi\u00e9n de artesanos locales para satisfacer todos los gustos, creando un ambiente festivo y acogedor para todos los p\u00fablicos. El festival no solo busca entretener, sino tambi\u00e9n sensibilizar y fomentar el respeto y la aceptaci\u00f3n de las diferencias.<br \/>La organizaci\u00f3n del evento invita a toda la comunidad de Cabranes y sus alrededores a unirse a esta celebraci\u00f3n, donde el arte y la inclusi\u00f3n se dan la mano para construir un mundo m\u00e1s solidario y diverso.<br \/>Para m\u00e1s informaci\u00f3n sobre el Festival Anima Mundi, pueden seguir nuestras redes sociales.<br \/>\u00a1No te pierdas esta oportunidad de disfrutar y celebrar juntos!<\/p>\t\t\t\t\t\t\t\t<\/div>\n\t\t\t\t<\/div>\n\t\t\t\t<div class=\"elementor-element elementor-element-8005d85 elementor-widget elementor-widget-image\" data-id=\"8005d85\" data-element_type=\"widget\" data-widget_type=\"image.default\">\n\t\t\t\t<div class=\"elementor-widget-container\">\n\t\t\t\t\t\t\t\t\t\t\t\t\t\t\t<img fetchpriority=\"high\" decoding=\"async\" width=\"800\" height=\"800\" src=\"https:\/\/animamundiasturias.org\/wp-content\/uploads\/2024\/09\/Cartel-I-Festival_Color-1024x1024.jpeg\" class=\"attachment-large size-large wp-image-886\" alt=\"\" srcset=\"https:\/\/animamundiasturias.org\/wp-content\/uploads\/2024\/09\/Cartel-I-Festival_Color-1024x1024.jpeg 1024w, https:\/\/animamundiasturias.org\/wp-content\/uploads\/2024\/09\/Cartel-I-Festival_Color-300x300.jpeg 300w, https:\/\/animamundiasturias.org\/wp-content\/uploads\/2024\/09\/Cartel-I-Festival_Color-150x150.jpeg 150w, https:\/\/animamundiasturias.org\/wp-content\/uploads\/2024\/09\/Cartel-I-Festival_Color-768x768.jpeg 768w, https:\/\/animamundiasturias.org\/wp-content\/uploads\/2024\/09\/elementor\/thumbs\/Cartel-I-Festival_Color-qtj14hei8ujt6ezzhts2xwm72t3v7der2x1punfkbk.jpeg 400w, https:\/\/animamundiasturias.org\/wp-content\/uploads\/2024\/09\/Cartel-I-Festival_Color.jpeg 1080w\" sizes=\"(max-width: 800px) 100vw, 800px\" \/>\t\t\t\t\t\t\t\t\t\t\t\t\t\t\t<\/div>\n\t\t\t\t<\/div>\n\t\t\t\t\t<\/div>\n\t\t\t\t<\/div>\n\t\t\t\t\t<\/div>\n\t\t\t\t<\/div>\n\t\t\t\t<\/div>\n\t\t","protected":false},"excerpt":{"rendered":"<p>Festival Anima MundiCelebrando la Inclusi\u00f3n en Cabranes 1 de Septiembre 2024, Cabranes El pr\u00f3ximo 6 de septiembre, la Plaza del Emigrante de Cabranes se convertir\u00e1 en el escenario de la inclusi\u00f3n y la diversidad con la celebraci\u00f3n del Festival Anima Mundi. A partir de las 18:00 horas, este evento \u00fanico abrir\u00e1 sus puertas de manera [&hellip;]<\/p>\n","protected":false},"author":3,"featured_media":0,"parent":0,"menu_order":0,"comment_status":"closed","ping_status":"closed","template":"","meta":{"footnotes":""},"class_list":["post-888","page","type-page","status-publish","hentry"],"_links":{"self":[{"href":"https:\/\/animamundiasturias.org\/index.php?rest_route=\/wp\/v2\/pages\/888","targetHints":{"allow":["GET"]}}],"collection":[{"href":"https:\/\/animamundiasturias.org\/index.php?rest_route=\/wp\/v2\/pages"}],"about":[{"href":"https:\/\/animamundiasturias.org\/index.php?rest_route=\/wp\/v2\/types\/page"}],"author":[{"embeddable":true,"href":"https:\/\/animamundiasturias.org\/index.php?rest_route=\/wp\/v2\/users\/3"}],"replies":[{"embeddable":true,"href":"https:\/\/animamundiasturias.org\/index.php?rest_route=%2Fwp%2Fv2%2Fcomments&post=888"}],"version-history":[{"count":8,"href":"https:\/\/animamundiasturias.org\/index.php?rest_route=\/wp\/v2\/pages\/888\/revisions"}],"predecessor-version":[{"id":992,"href":"https:\/\/animamundiasturias.org\/index.php?rest_route=\/wp\/v2\/pages\/888\/revisions\/992"}],"wp:attachment":[{"href":"https:\/\/animamundiasturias.org\/index.php?rest_route=%2Fwp%2Fv2%2Fmedia&parent=888"}],"curies":[{"name":"wp","href":"https:\/\/api.w.org\/{rel}","templated":true}]}}

<div data-elementor-type="wp-page" data-elementor-id="888" class="elementor elementor-888">
				<div class="elementor-element elementor-element-8fdf977 e-flex e-con-boxed e-con e-parent" data-id="8fdf977" data-element_type="container">
					<div class="e-con-inner">
				<div class="elementor-element elementor-element-e1d7f2c elementor-widget elementor-widget-heading" data-id="e1d7f2c" data-element_type="widget" data-widget_type="heading.default">
				<div class="elementor-widget-container">
					<h1 class="elementor-heading-title elementor-size-default">Festival Anima Mundi<br>Celebrando la Inclusión en Cabranes</h1>				</div>
				</div>
				<div class="elementor-element elementor-element-a6dd117 elementor-widget elementor-widget-text-editor" data-id="a6dd117" data-element_type="widget" data-widget_type="text-editor.default">
				<div class="elementor-widget-container">
									<p><em>1 de Septiembre 2024, Cabranes</em></p>								</div>
				</div>
					</div>
				</div>
		<div class="elementor-element elementor-element-ddd2344 e-flex e-con-boxed e-con e-parent" data-id="ddd2344" data-element_type="container">
					<div class="e-con-inner">
		<div class="elementor-element elementor-element-d049a52 e-grid e-con-boxed e-con e-child" data-id="d049a52" data-element_type="container">
					<div class="e-con-inner">
				<div class="elementor-element elementor-element-efcd9f3 elementor-widget elementor-widget-text-editor" data-id="efcd9f3" data-element_type="widget" data-widget_type="text-editor.default">
				<div class="elementor-widget-container">
									<p>El próximo 6 de septiembre, la Plaza del Emigrante de Cabranes se convertirá en el escenario de la inclusión y la diversidad con la celebración del Festival Anima Mundi. A partir de las 18:00 horas, este evento único abrirá sus puertas de manera gratuita a toda la comunidad, invitando a las familias a disfrutar de una tarde llena de espectáculos.<br />El Festival Anima Mundi se ha diseñado como un espacio de encuentro que promueve la inclusión social a través de diversas expresiones artísticas. Los asistentes podrán disfrutar de espectáculos que incluyen música, danza y teatro, todos ellos realizados por artistas locales que celebran y representan la diversidad cultural.<br />Además, habrá una amplia oferta gastronómica con comida y bebida también de artesanos locales para satisfacer todos los gustos, creando un ambiente festivo y acogedor para todos los públicos. El festival no solo busca entretener, sino también sensibilizar y fomentar el respeto y la aceptación de las diferencias.<br />La organización del evento invita a toda la comunidad de Cabranes y sus alrededores a unirse a esta celebración, donde el arte y la inclusión se dan la mano para construir un mundo más solidario y diverso.<br />Para más información sobre el Festival Anima Mundi, pueden seguir nuestras redes sociales.<br />¡No te pierdas esta oportunidad de disfrutar y celebrar juntos!</p>								</div>
				</div>
				<div class="elementor-element elementor-element-8005d85 elementor-widget elementor-widget-image" data-id="8005d85" data-element_type="widget" data-widget_type="image.default">
				<div class="elementor-widget-container">
															<img fetchpriority="high" decoding="async" width="800" height="800" src="https://animamundiasturias.org/wp-content/uploads/2024/09/Cartel-I-Festival_Color-1024x1024.jpeg" class="attachment-large size-large wp-image-886" alt="" srcset="https://animamundiasturias.org/wp-content/uploads/2024/09/Cartel-I-Festival_Color-1024x1024.jpeg 1024w, https://animamundiasturias.org/wp-content/uploads/2024/09/Cartel-I-Festival_Color-300x300.jpeg 300w, https://animamundiasturias.org/wp-content/uploads/2024/09/Cartel-I-Festival_Color-150x150.jpeg 150w, https://animamundiasturias.org/wp-content/uploads/2024/09/Cartel-I-Festival_Color-768x768.jpeg 768w, https://animamundiasturias.org/wp-content/uploads/2024/09/elementor/thumbs/Cartel-I-Festival_Color-qtj14hei8ujt6ezzhts2xwm72t3v7der2x1punfkbk.jpeg 400w, https://animamundiasturias.org/wp-content/uploads/2024/09/Cartel-I-Festival_Color.jpeg 1080w" sizes="(max-width: 800px) 100vw, 800px" />															</div>
				</div>
					</div>
				</div>
					</div>
				</div>
				</div>

<p>Festival Anima MundiCelebrando la Inclusión en Cabranes 1 de Septiembre 2024, Cabranes El próximo 6 de septiembre, la Plaza del Emigrante de Cabranes se convertirá en el escenario de la inclusión y la diversidad con la celebración del Festival Anima Mundi. A partir de las 18:00 horas, este evento único abrirá sus puertas de manera [&hellip;]</p>
